ose -l*k - 32 = -254. What is the tens digit of k?
7
Suppose -5*b - c = c + 125, -2*b - c = 49. Let u be (-6)/b + (-3100)/18. What is the units digit of u*(20/16)/(-5)?
3
Let g(q) = -4*q**3 + 8*q**2 + 19*q + 36. What is the hundreds digit of g(-4)?
3
Let u = -1656 + 2467. What is the units digit of u?
1
Let o = 171 + 100. What is the tens digit of o?
7
Suppose -58 + 248 = -5*i. Let s be 0*((-17)/(-36) + (-10)/45). What is the tens digit of (2 - (i - s)) + -4?
3
Suppose 4609 = 4*r + 3*g, -513 - 636 = -r - 4*g. What is the hundreds digit of r?
1
Let q = -642 + 1336. What is the hundreds digit of q?
6
Let b(m) = m**3 - 17*m**2 + 18*m - 34. Let r be b(16). What is the units digit of -1 - (r + 1) - -30?
0
Let r(w) = 2*w + 4. Let o be r(-4). What is the units digit of ((-202)/(-4))/(o/(-8))?
1
Suppose -5*z - 40 = -5. Let j(w) = w**2 + 6*w - 5. Let g be j(z). Suppose -n - 5*s + 18 = -41, n - 50 = -g*s. What is the units digit of n?
4
Let o(i) = 83*i + 7. Let n be o(6). Let j be n/6 + 12/(-72). Suppose 6*u = 3*u + j. What is the tens digit of u?
2
Let h(d) = -d**3 - 4*d**2 - 6*d - 5. Suppose 0 = 3*s - z - 23, s + 2*z = -3*s + 14. Let c be s/(-4)*(-72)/(-27). What is the units digit of h(c)?
9
Let k(l) be the first derivative of -2 - 7*l + 2*l**2 + 1/3*l**3. What is the units digit of k(6)?
3
Let b(j) = j**2 + 25*j - 169. What is the units digit of b(6)?
7
Let s(m) = 15*m + 5. Let k(o) = 44*o + 16. Let p(n) = 6*k(n) - 17*s(n). What is the tens digit of p(5)?
5
Let d = 98 - 102. What is the tens digit of d - (-112)/((-4)/(-1))?
2
Suppose 0 = -5*c + 35 - 5. Let w(v) = v**2 - v - 7. What is the tens digit of w(c)?
2
Suppose -3*p - d + 3398 = 0, -25*d - 4556 = -4*p - 20*d. What is the hundreds digit of p?
1
Let c(t) = -t**3 + t**2 + 1. Let z(h) = -6*h**3 - 7*h**2 - h - 10. Let m be (5/3)/((-2)/(-6)). Let x(q) = m*c(q) - z(q). What is the units digit of x(-12)?
3
What is the hundreds digit of 35*(0 + (-112)/(-20))?
1
Let d(b) = 16*b**3 - 51*b**2 + 34*b - 30. Let f(s) = -3*s**3 + 10*s**2 - 7*s + 6. Let u = 21 + -10. Let t(w) = u*f(w) + 2*d(w). What is the units digit of t(6)?
4
Suppose 0 = 8*w - 6*w - 4. Suppose v = -w*v + 150. What is the tens digit of v?
5
Suppose -2*r + 9 = v, -3*r - 4*v = -2*v - 16. Suppose 5*k = 3*i + 65, k + 31 = r*k + 3*i. Suppose s + k = 2*s. What is the tens digit of s?
1
Let j(g) be the first derivative of -g**2/2 + 2. Let h be j(-2). Suppose -c + 27 = -4*u, -h*u = 3*c - c - 74. What is the tens digit of c?
3
Suppose -5*q + 10 = -2*b + 1, 2*q - 9 = -b. Suppose 4*w = -q*h + 2*h + 170, w = h + 45. Let i = w - 16. What is the units digit of i?
7
Let h = -530 - -1184. What is the tens digit of h?
5
Let d be (-6)/4 - 3/6. Let a(t) = -40*t**2 - 4*t - 1. Let i be a(d). Let b = i + 219. What is the tens digit of b?
6
Suppose -14*q - 3655 = -12293. What is the hundreds digit of q?
6
Suppose -j + 6 + 22 = 2*d, 0 = 5*j + d - 104. Suppose 5*a - j = -0*a. Suppose -34 = -2*w + a. What is the tens digit of w?
1
Let d be 16/24*2*3. Suppose 5*j + d = 24. Suppose 12 = j*i, 5*n + i - 117 = -3*i. What is the tens digit of n?
2
Let n(l) = 3*l. Let m be n(1). Suppose -m*a = 3*u - 39, a + 19 = 2*u - 10. Suppose -4 = -2*i, -v + u = -3*i + 1. What is the units digit of v?
9
Let k(h) = -4*h - 16*h - h**2 - 2 + 11*h. Let j be k(-4). Suppose -5*p - j + 198 = 0. What is the tens digit of p?
3
Suppose -5 = -0*d - d. Suppose -4 = 2*b, 4*b + b = 2*k - 18. Suppose d*f - 29 + k = v, f = v + 1. What is the units digit of f?
6
Let z(x) = -x**3 - 14*x**2 - 11*x + 15. Let d be z(-13). Let f(j) = 19 + j**2 - 6*j + 18*j - 4. What is the units digit of f(d)?
4
Let y be ((-85)/68)/((-2)/(-24)). Let z = 20 + y. Suppose -229 - 11 = -5*k - 5*v, 66 = k - z*v. What is the tens digit of k?
5
Let b be 12 - (-2 - 0 - -1). Suppose -4*f + b = 3*m, 0*m + m - 3*f = 0. Suppose -m = 2*r - 19. What is the units digit of r?
8
Let b be (2/4)/((-9)/(-234)). Suppose -b*x + 12*x + 69 = 0. What is the units digit of x?
9
Let u(q) = 3*q**2 + 10*q + 4. Let m = 7 - -17. Let r = 18 - m. What is the tens digit of u(r)?
5
Let j(g) = 41*g - 71. What is the units digit of j(7)?
6
Suppose 60*r - 86173 = 43*r. What is the thousands digit of r?
5
Suppose -3*j + 2*j + 3*y = -81, 3*y = -2*j + 117. What is the tens digit of j?
6
Suppose -35*f + 7371 = -2709. What is the hundreds digit of f?
2
Let v(s) = 913*s**2 + 17*s - 15. What is the hundreds digit of v(1)?
9
Suppose -10507 = 16*w - 78411. What is the thousands digit of w?
4
Suppose -2*y + 7*y = 4*a + 100, -4*y + 3*a + 79 = 0. Let t be (0 + -1)/((-4)/y). Suppose 2*v - 28 = x - 0*x, -v - t*x + 5 = 0. What is the units digit of v?
3
Suppose -j + 14 = -2*j + 5*u, 0 = -5*j + u + 26. Let c = j - 6. Suppose 52 = 4*r - c*r + 4*z, 5*z - 47 = -3*r. What is the units digit of r?
9
Let a = 11 - 11. Suppose a = 3*j + 4*v + 67, -4*j + 0*v + 3*v - 56 = 0. Let i = 31 + j. What is the units digit of i?
4
Suppose -2*v + 2*v = -3*v. Suppose v = -b + 27 - 11. What is the tens digit of b?
1
Suppose 17*v - 18*v = 0. Suppose v*z - 3*z = -60. What is the units digit of z?
0
Let o(h) = -14*h - 165. What is the units digit of o(-19)?
1
Let k be 2/(-4 + 22/5). Suppose k*r - 295 + 10 = 0. What is the units digit of r/(-4)*(-24)/9?
8
Let k(j) = 4*j**2 - 19*j - 292. What is the units digit of k(-18)?
6
What is the hundreds digit of (2834/(-4))/((-155)/310)?
4
Let r(a) = 3*a**3 - a**2 - a + 2. Let c be r(-2). What is the tens digit of 27 + c - 223/(-1)?
2
Let n be (-10)/80 - (-321)/8. Suppose n*j - 576 = 36*j. What is the units digit of j?
4
Let r(z) be the second derivative of z**5/120 + z**4/12 + 5*z**3/6 + 2*z. Let k(h) be the second derivative of r(h). What is the units digit of k(6)?
8
Suppose 12 = u - 0. Suppose u = 3*y + y. Suppose 3*k = h - 13, 0*h + 5*k - 11 = -y*h. What is the units digit of h?
7
Suppose 4*r + 5*n - 1001 = 126, 1134 = 4*r - 2*n. What is the tens digit of r?
8
Let c = 5461 - 3637. What is the units digit of c?
4
Suppose -3*a = j - 13789, 2*a + 5*j + 1447 = 10631. What is the units digit of a?
7
Let j be (45/20)/(-3)*-8. What is the tens digit of 49 + 11/(-33) + (-22)/j?
4
Let x be (20/35)/((-2)/(-7)). Suppose -2*k + 116 = -x*s, -4*s + 3 - 11 = 0. What is the units digit of k?
6
Let j = 225 + 870. Suppose 810 = 3*q + 4*s + 152, 5*s = -5*q + j. What is the hundreds digit of q?
2
Suppose -16*c + 42*c - 8008 = 0. What is the units digit of c?
8
Let g(f) = 18*f**2 - 2*f + 17. What is the tens digit of g(-7)?
1
Suppose -16*s = 287 - 47. Let p(y) = -y**3 - 15*y**2 - 18*y - 17. What is the units digit of p(s)?
3
Let b(c) = -c - 2*c + 11*c**3 + 8*c**2 - 5 - 12*c**3. What is the tens digit of b(5)?
5
Let g(o) = -54*o - 165. What is the units digit of g(-16)?
9
Let u = 502 - -69. What is the tens digit of u?
7
Let p be ((-2)/(6/9) + 6)/1. Suppose -5*s = -2*q + 42, p*q - 5*s = -q + 84. What is the units digit of q?
1
Let a = 1857 + -623. What is the thousands digit of a?
1
Suppose 4*d + 4*b + 26 = -18, 0 = 5*d + 3*b + 47. Let i be (1 - d)*(-11)/(-22). Suppose 4*z + 19 = 5*f + 338, 3*f - 327 = -i*z. What is the units digit of z?
1
Let z(s) = -s**3 - 6*s**2 - 4*s + 4. Let q(l) = -l**2 + l + 6. Let y be q(4). What is the units digit of z(y)?
8
Suppose 0*u + 20 = 4*u. Suppose -u*b + 30 = -0*b. What is the units digit of (-25)/(-30) - (-1)/b?
1
Let c = 1662 - 935. What is the units digit of c?
7
Let k = -8 + 18. Let v be ((-616)/70)/((-4)/k). Let i = 36 - v. What is the units digit of i?
4
Suppose 14 = -4*u + 6*u. Let t(a) = 9*a**2 + a + 1. Let v(g) = -19*g**2 - 2*g - 2. Let r(o) = u*t(o) + 3*v(o). What is the tens digit of r(3)?
5
Suppose 1487 = 3*t - 2*k - 1297, -4*t = k - 3701. What is the tens digit of t?
2
Let v = 0 - 0. Suppose 3*s - 18 = -v*s. Suppose 0 = 3*d - s, -7 = 2*c + 4*d - 71. What is the units digit of c?
8
Let d(o) = 28*o**3 - 4*o**2 + 8*o - 12. What is the tens digit of d(3)?
3
What is the tens digit of 2 + (-11)/((-11)/334)?
3
What is the units digit of ((-1*188)/1)/(218/(-1199))?
4
Suppose -3*u + 7 = -2*r, -4*r = -4*u - 9*r + 17. Suppose 0 = -2*m + u*s + 48, -2*m + s + 80 = 6*s. What is the tens digit of (m/20)/((-3)/(-32))?
1
Suppose p = -3*l - 231 + 849, -1880 = -3*p + 4*l. What is the units digit of p?
4
Suppose 3029 = q - 2*o, -24*o + 15 = -19*o.